9
-406
Convert -1 (base 12) to base 8.
-1
15a (base 14) to base 13
183
What is -162 (base 8) in base 9?
-136
-c7 (base 15) to base 3
-20221
-10 (base 5) to base 16
-5
Convert -4 (base 6) to base 11.
-4
Convert -131 (base 4) to base 2.
-11101
-53 (base 10) to base 7
-104
Convert -35 (base 8) to base 12.
-25
What is 28 (base 9) in base 4?
122
What is -2120 (base 3) in base 6?
-153
Convert -2 (base 10) to base 15.
-2
What is 3 (base 16) in base 11?
3
What is -78 (base 11) in base 2?
-1010101
Convert 121 (base 6) to base 14.
37
What is -d3 (base 16) in base 8?
-323
Convert -2 (base 15) to base 2.
-10
1000 (base 2) to base 12
8
What is 2 (base 15) in base 14?
2
What is 10012 (base 3) in base 11?
79
What is -2 (base 6) in base 14?
-2
Convert -3 (base 9) to base 5.
-3
What is -18 (base 15) in base 4?
-113
2 (base 15) to base 7
2
What is -140 (base 6) in base 2?
-111100
-3 (base 14) to base 8
-3
-3 (base 12) to base 6
-3
1 (base 8) to base 9
1
What is -9 (base 15) in base 14?
-9
Convert -3a (base 16) to base 11.
-53
-212 (base 3) to base 10
-23
What is 109 (base 11) in base 2?
10000010
-4 (base 12) to base 4
-10
Convert 56 (base 13) to base 16.
47
c (base 14) to base 15
c
What is 18 (base 11) in base 10?
19
What is -38 (base 11) in base 5?
-131
Convert 6 (base 10) to base 4.
12
-1 (base 6) to base 2
-1
-34 (base 14) to base 3
-1201
-4 (base 6) to base 3
-11
-100 (base 8) to base 2
-1000000
What is 0 (base 14) in base 5?
0
Convert -c2 (base 14) to base 12.
-122
Convert -51 (base 8) to base 4.
-221
-6 (base 9) to base 12
-6
What is 39 (base 14) in base 10?
51
6 (base 10) to base 8
6
What is -3 (base 5) in base 12?
-3
What is 4 (base 15) in base 5?
4
-10022 (base 3) to base 16
-59
What is 12 (base 6) in base 3?
22
What is 10 (base 5) in base 10?
5
What is 33 (base 4) in base 12?
13
What is a (base 13) in base 8?
12
-47 (base 10) to base 7
-65
Convert 15 (base 10) to base 6.
23
Convert -7 (base 10) to base 3.
-21
-3 (base 16) to base 3
-10
Convert -11 (base 6) to base 4.
-13
2 (base 16) to base 7
2
Convert 16 (base 16) to base 15.
17
-3 (base 15) to base 4
-3
What is -12 (base 16) in base 5?
-33
-303 (base 4) to base 15
-36
What is -113 (base 4) in base 10?
-23
Convert -64 (base 9) to base 8.
-72
4 (base 14) to base 12
4
-1212 (base 5) to base 3
-20202
6 (base 14) to base 11
6
0 (base 5) to base 13
0
What is -17 (base 8) in base 16?
-f
Convert 12 (base 3) to base 16.
5
Convert 2 (base 3) to base 4.
2
What is 45 (base 10) in base 8?
55
-2 (base 3) to base 5
-2
Convert -11 (base 4) to base 12.
-5
What is 3 (base 12) in base 16?
3
18 (base 11) to base 3
201
-9 (base 15) to base 16
-9
What is 3 (base 15) in base 4?
3
-2 (base 8) to base 6
-2
10 (base 5) to base 6
5
What is 5 (base 6) in base 15?
5
Convert 2a (base 15) to base 8.
50
49 (base 16) to base 3
2201
Convert 110101 (base 2) to base 8.
65
Convert 2 (base 14) to base 12.
2
What is -11 (base 6) in base 13?
-7
-164 (base 8) to base 4
-1310
77 (base 14) to base 15
70
16 (base 11) to base 10
17
Convert 10 (base 16) to base 8.
20
What is -3 (base 16) in base 15?
-3
Convert 71 (base 10) to base 15.
4b
Convert 16 (base 7) to base 12.
11
Convert -100 (base 3) to base 4.
-21
What is 11 (base 4) in base 12?
5
What is -3 (base 8) in base 15?
-3
What is -13 (base 15) in base 6?
-30
7 (base 8) to base 5
12
Convert 3 (base 12) to base 16.
3
87 (base 9) to base 3
2221
-1000 (base 2) to base 14
-8
Convert -233 (base 5) to base 3.
-2112
Convert 6 (base 7) to base 5.
11
Convert -10 (base 15) to base 9.
-16
42 (base 6) to base 16
1a
26 (base 8) to base 16
16
What is 0 (base 13) in base 3?
0
56 (base 10) to base 2
111000
-3 (base 7) to base 6
-3
What is -4 (base 7) in base 11?
-4
What is 3c (base 13) in base 5?
201
-322 (base 6) to base 5
-442
-14 (base 5) to base 15
-9
Convert 1 (base 15) to base 3.
1
Convert -1 (base 10) to base 4.
-1
-25 (base 8) to base 11
-1a
c (base 15) to base 6
20
What is 1200 (base 6) in base 9?
350
What is 1023 (base 4) in base 6?
203
16 (base 11) to base 13
14
-1441 (base 5) to base 7
-501
Convert -31 (base 9) to base 3.
-1001
Convert -1 (base 13) to base 4.
-1
Convert 22 (base 9) to base 16.
14
Convert -1200 (base 3) to base 8.
-55
Convert -4c (base 13) to base 14.
-48
Convert -3 (base 16) to base 13.
-3
Convert -235 (base 6) to base 16.
-5f
-202 (base 4) to base 12
-2a
Convert -130 (base 6) to base 11.
-4a
Convert 9 (base 14) to base 3.
100
Convert -111 (base 5) to base 6.
-51
What is 10 (base 8) in base 15?
8
Convert -10 (base 11) to base 13.
-b
Convert -a (base 15) to base 14.
-a
3 (base 15) to base 11
3
What is 11 (base 8) in base 4?
21
Convert -126 (base 10) to base 9.
-150
Convert 2 (base 6) to base 11.
2
12d (base 16) to base 15
151
Convert -130 (base 4) to base 7.
-40
0 (base 9) to base 6
0
5 (base 15) to base 2
101
12 (base 7) to base 6
13
5 (base 16) to base 9
5
What is -1 (base 14) in base 12?
-1
Convert -202 (base 4) to base 7.
-46
What is 2 (base 12) in base 4?
2
21 (base 6) to base 10
13
What is 334 (base 7) in base 5?
1142
-5 (base 10) to base 16
-5
1010 (base 2) to base 16
a
What is 110 (base 2) in base 7?
6
-14 (base 12) to base 4
-100
What is 0 (base 16) in base 4?
0
-13 (base 7) to base 6
-14
-2 (base 9) to base 3
-2
-81 (base 9) to base 8
-111
-10 (base 8) to base 7
-11
Convert 41 (base 6) to base 2.
11001
What is 0 (base 14) in base 4?
0
Convert 1110110 (base 2) to base 6.
314
What is -3 (base 9) in base 16?
-3
-10 (base 9) to base 12
-9
What is 4 (base 11) in base 16?
4
77 (base 16) to base 5
434
Convert -40 (base 11) to base 6.
-112
-2 (base 12) to base 13
-2
Convert 29 (base 11) to base 15.
21
What is 123 (base 7) in base 15?
46
What is 7 (base 9) in base 14?
7
What is a (base 13) in base 11?
a
Convert 221 (base 3) to base 11.
23
Convert 26 (base 10) to base 3.
222
Convert 33 (base 5) to base 12.
16
What is a9 (base 12) in base 16?
81
-2 (base 16) to base 2
-10
Convert 15 (base 14) to base 9.
21
What is a (base 13) in base 7?
13
Convert -4 (base 15) to base 5.
-4
-25 (base 6) to base 5
-32
What is -4 (base 11) in base 7?
-4
Convert -2 (base 15) to base 7.
-2
-6 (base 10) to base 3
-20
-cd (base 16) to base 2
-11001101
Convert 2 (base 16) to base 6.
2
Convert c (base 15) to base 14.
c
Convert 1 (base 11) to base 14.
1
What is -2 (base 11) in base 6?
-2
What is 3 (base 13) in base 5?
3
0 (base 12) to base 15
0
What is -4 (base 13) in base 14?
-4
Convert 6 (base 11) to base 8.
6
3 (base 7) to base 15
3
136 (base 7) to base 8
114
What is 39 (base 16) in base 7?
111
Convert -12 (base 9) to base 15.
-b
What is 2 (base 10) in base 7?
2
3 (base 15) to base 8
3
44 (base 7) to base 16
20
-39 (base 10) to base 2
-100111
Convert 7d (base 14) to base 15.
76
-113 (base 13) to base 11
-159
Convert -5 (base 8) to base 12.
-5
What is 33 (base 5) in base 7?
24
Convert -1b (base 12) to base 2.
-10111
Convert 52 (base 8) to base 16.
2a
-dd (base 16) to base 9
-265
-24 (base 9) to base 5
-42
Convert -1 (base 10) to base 5.
-1
-3 (base 16) to base 6
-3
-15 (base 15) to base 12
-18
-11 (base 7) to base 12
-8
Convert 10011100 (base 2) to base 4.
2130
What is -2 (base 16) in base 10?
-2
-c (base 15) to base 8
-14
4b (base 15) to base 14
51
What is 19a (base 11) in base 5?
1410
-2 (base 14) to base 12
-2
Convert -184 (base 9) to base 10.
-157
Convert 2 (base 3) to base 7.
2
What is 303 (base 4) in base 5?
201
Convert 1020 (base 6) to base 14.
124
-67 (base 12) to base 13
-61
What is 22 (base 3) in base 5?
13
113 (base 4) to base 6
35
Convert -4 (base 10) to base 5.
-4
Convert -10 (base 3) to base 11.
-3
-3 (base 9) to base 15
-3
What is a (base 14) in base 16?
a
-1 (base 8) to base 15
-1
What is -69 (base 13) in base 9?
-106
Convert 3 (base 5) to base 11.
3
-6e (base 16) to base 15
-75
Convert -114 (base 5) to base 8.
-42
What is -124 (base 12) in base 7?
-334
What is -102 (base 4) in base 8?
-22
-131 (base 4) to base 3
-1002
What is -1030 (base 4) in base 8?
-114
Convert -3 (base 6) to base 14.
-3
-3 (base 15) to base 13
-3
Convert 5 (base 7) to base 15.
5
What is -11 (base 13) in base 5?
-24
Convert 0 (base 8) to base 7.
0
5 (base 12) to base 7
5
Convert -3 (base 13) to base 4.
-3
-2 (base 10) to base 4
-2
What is 3 (base 7) in base 15?
3
0 (base 15) to base 12
0
What is 1 (base 13) in ba